 = b**2 - 2*b + 1. Suppose -5*w = 1 - 26. Let f be n(w). Calculate the greatest common factor of 2 and f.
2
Let c be 2/(-7) - 7397/(-91). Calculate the greatest common factor of c and 9.
9
Let q be -2 - (-2*1 + -1). Let a = 21 + -30. Let i = 16 + a. Calculate the highest common divisor of i and q.
1
Suppose 5*d + 40 = 3*q, -q + 0*d + 11 = -4*d. Calculate the highest common factor of 195 and q.
15
Let y be 161/4 + 3/(-12). Suppose 0*z = -2*z - 68. Let t = z - -44. Calculate the highest common factor of y and t.
10
Suppose r = 2*r + 6. Let j(i) = -6*i - 3. Let x be j(r). What is the highest common factor of 165 and x?
33
Suppose -2*c - 76 + 84 = 0. What is the greatest common divisor of 4 and c?
4
Let h(b) = b**3 - 10*b**2 + 5. Let d be h(10). Suppose 0 = d*p - 139 + 34. What is the greatest common divisor of p and 14?
7
Suppose -8 = -0*s + 4*s - 4*r, -s - 4*r = -13. Let p be (s - -4)*(-2)/(-5). Suppose p*d - 76 = 24. What is the greatest common factor of d and 20?
10
Suppose 2*h - 112 = -y - 2*h, -3*h + 543 = 5*y. Let u(f) = 3*f + 3. Let a be u(3). Calculate the highest common divisor of a and y.
12
Let j = 38 - 26. Calculate the highest common factor of 4 and j.
4
Suppose 0 = -5*j + 10, 4*n - 159 = -4*j + 73. Suppose -5*m - 3*c + 35 = 2*c, 5*m + 3*c - 37 = 0. What is the greatest common divisor of m and n?
8
Let j be (5 + -2 - 2) + 0. Let h(y) = -y**2 + 9*y - 1. Let p be h(8). Calculate the greatest common divisor of j and p.
1
Suppose 0 = i - 3 - 0. Suppose 0 = -3*u + 2*w + 50, 40 = i*u - w - 3*w. Let y be ((-16)/6)/((-1)/60). Calculate the highest common divisor of u and y.
20
Suppose 5*u + k + 4*k - 410 = 0, 5*u + k = 422. What is the highest common factor of 17 and u?
17
Suppose 8*f - 5*f + 21 = 0. Let z be -4*f/(-2)*-1. What is the highest common divisor of 42 and z?
14
Let m be (-8)/20 + 22/5. Let n(q) = -7*q**3 - 1. Let k be n(-1). Suppose k = f - 0*f. What is the greatest common factor of f and m?
2
Let w(u) = u - 7. Let a be (-9)/(-1) - (-2 + 1). Let r be w(a). Suppose -4*n = -r - 5. Calculate the highest common divisor of n and 14.
2
Let p(w) = -7*w - 5. Let l(t) = 3*t + 1. Let q be l(-2). Let k be p(q). Let v = -30 + 50. What is the greatest common factor of v and k?
10
Suppose 0 = 5*o - 20, 4*s - 8 = -0*s + 2*o. Calculate the greatest common factor of s and 20.
4
Suppose -13 = -4*t + 3*u + 35, t = 2*u + 17. Let c be (-2)/2 - (-1526)/14. Suppose -m + c = 3*m. Calculate the greatest common divisor of m and t.
9
Let c(n) = 10*n**2 - n + 3. Let t be c(-3). Calculate the greatest common divisor of t and 12.
12
Suppose -2*f = 3*q - f - 3168, 0 = -q - 5*f + 1056. Suppose b + 3*b = q. What is the highest common divisor of b and 24?
24
Let z(j) = -j**2 + 5*j + 6. Suppose -4*d = -2*d - 10. Let o be z(d). Calculate the highest common divisor of o and 42.
6
Suppose 65 + 335 = 5*y. Suppose 3*t + 2*t = y. Let a = 247 - 167. What is the highest common factor of t and a?
16
Suppose -5*v = -3*r - 3, 0 = -0*v - 4*v + 3*r. Let k(b) = b + 1. Let x be k(v). Suppose 0*f + 112 = x*f. What is the highest common factor of f and 70?
14
Let f(s) = 20*s**2 + 4*s + 3. Let w be f(-2). Let n(l) = l - 6. Let j be n(-5). Let h be j/(77/(-30))*7. Calculate the highest common divisor of h and w.
15
Suppose -4*t - 10 + 2 = 0. Let p be ((-1)/t)/((-5)/(-320)). Let r(f) = -f - 2. Let g be r(-6). What is the greatest common factor of g and p?
4
Let j = -3 + 3. Suppose -2*f + 248 + 16 = j. Calculate the greatest common factor of 12 and f.
12
Suppose 42*k - 37*k = 35. What is the greatest common divisor of 21 and k?
7
Let p = 25 - -14. Let c be (-236)/(-9) - (-18)/(-81). What is the highest common factor of c and p?
13
Suppose -9 = -4*t + 3*j, 0*t - 2*j - 6 = 4*t. Let o be (1 - t)/((-1)/(-7)). Let h = 22 + 55. Calculate the greatest common divisor of h and o.
7
Let a be -1 - 9/((-45)/170). Calculate the greatest common divisor of 11 and a.
11
Let m be (-2)/6 + 813/9. Let g be 1/(-10) + (-6137)/(-170). What is the greatest common factor of m and g?
18
Let a be (-6)/(-21) + 690/35. Calculate the highest common factor of 8 and a.
4
Let n(y) = y**3 + 21*y**2 - 16*y - 39. Let d be n(-21). What is the greatest common divisor of d and 27?
27
Let m = 30 + -21. Suppose m = -3*g, 2*g = 3*z + 3*g - 456. Let c be (68/(-6))/((-2)/3). Calculate the highest common factor of z and c.
17
Suppose c + 1 = 5*i - 3, -5*c + 9 = 4*i. Let m(r) = r**2 + 5*r + 5. Let u be m(-4). Let t be (10 - 1/u) + 2. What is the highest common divisor of t and c?
1
Let w(l) = 2*l**2 + 7*l - 18. Let x(r) = r**2 + 2*r - 6. Let y(n) = -3*w(n) + 8*x(n). Let h be y(2). What is the greatest common divisor of h and 6?
2
Suppose -2*u = i - 6, 2 - 8 = -2*u. Suppose -8 = -4*l - i*l. Let v be l*(2 + 30/4). Calculate the greatest common factor of 19 and v.
19
Suppose 3*a = 7*a. Suppose -3*k + 5 = o + 2, a = 2*k + 3*o + 5. Let j(y) = 36*y**2 - 1. Let c be j(k). What is the greatest common factor of c and 13?
13
Let b be 5 + -3 - (4 + -2). Let r(g) = -3 + g + 3 + b - 1. Let q be r(6). What is the highest common factor of 10 and q?
5
Let o be (7/14)/((-4)/(-40)). Calculate the highest common divisor of o and 65.
5
Let v be (-2)/1 + 5 - -8. Let i = v + 23. Calculate the greatest common factor of i and 17.
17
Let u be (1 - 4) + 1*15. Suppose -3*d = -4*d + 84. Calculate the greatest common factor of d and u.
12
Let a(r) = r**2 + 13*r + 1. Let l be a(-14). Let m(u) = -34*u + 3. Let y be m(-3). Calculate the greatest common factor of l and y.
15
Let g be 30/(-7)*(-9)/(81/42). Suppose 2*o = -2*o - u + 79, 4*o - u - 81 = 0. What is the greatest common divisor of g and o?
20
Let r(f) = -f**2 - 11*f - 5. Let u be r(-5). Suppose -u = -5*k - 10. Suppose -k*a + 27 = 3. What is the greatest common factor of 24 and a?
8
Suppose 6*f = 12*f - 312. Calculate the greatest common factor of f and 78.
26
Let i be 2*(10/(-4) + 2). Let z be 19 + -1 - (i - -2). Let v(n) = 13*n + 7. Let a be v(6). Calculate the greatest common factor of a and z.
17
Let n(d) = -816*d**3 + d**2 + 3*d + 1. Let s be n(-1). Suppose -5*v - 315 = 4*c - s, 5*v + 2*c - 490 = 0. What is the highest common divisor of v and 12?
12
Let d be 2 - (-32 - -2)*(-8)/(-12). Calculate the greatest common divisor of 55 and d.
11
Let l be ((-15)/9)/(1/(-12)). Calculate the greatest common factor of 10 and l.
10
Suppose 0 = 6*w - 2*w - 108. Calculate the highest common divisor of w and 3.
3
Suppose -4 = c - 3*c. Let q be 17 - (c - (-2)/(-2)). Suppose -z - 1 = -5. Calculate the greatest common divisor of q and z.
4
Let y(h) = h**2 - h - 4. Let d be y(3). Suppose -4*i + 32 = 4*o, d*o - 3*i - 24 = o. Let c = 3 - 0. Calculate the highest common divisor of c and o.
3
Suppose 0 = 4*b + 3 - 23. Calculate the highest common factor of b and 40.
5
Let p be (12 - 6)*(-4)/(-6). Suppose j = p*j - 63. Calculate the greatest common factor of j and 84.
21
Suppose -f - 3*f + 16 = 0. Let a = 8 - f. Suppose 9 = 5*z - a*h, 3*z + 5*h = 2*z - 4. Calculate the greatest common factor of 4 and z.
1
Let j be ((-1156)/8 - 5)/(2/(-4)). Calculate the highest common divisor of j and 13.
13
Suppose -h + 23 = 75. Let v = 80 + h. Calculate the highest common divisor of v and 7.
7
Let j(i) = i + 2. Let m be j(14). Suppose -3*n = -7*n + m, 3*z - 38 = -2*n. What is the greatest common divisor of 25 and z?
5
Let k be (0 - 3)/((-6)/4). Suppose k*t - 7*t = -270. Calculate the greatest common divisor of t and 18.
18
Let t = 816 + -571. Calculate the greatest common divisor of t and 35.
35
Suppose 3*o - 28 = -2*f, -5*o - 2*f + 68 = -4*f. Let t = 15 - o. What is the greatest common divisor of t and 27?
3
Let g(p) = -p - 14. Let o be g(-11). Let v be (o/(-6))/((-2)/(-44)). What is the highest common factor of 99 and v?
11
Suppose -2*b - 5*x + 23 + 44 = 0, -5*x - 149 = -4*b. Let j be (-47)/(-4) + 4/16. Calculate the greatest common factor of j and b.
12
Let h be (-7 - (6 - 128)) + (-3 - 0). Calculate the highest common divisor of h and 32.
16
Suppose 0 = 5*z + 3*v + 37, -3*z - v - 14 = -z. Let b be ((-16)/z)/((-2)/(-5)). Calculate the greatest common divisor of b and 12.
4
Let r = 12 + -10. Suppose c - r = -0*c. What is the greatest common factor of c and 16?
2
Suppose 3*w + 25 = 115. Calculate the highest common factor of 12 and